lculate l(-3).
2
Let v(b) = b**2 - 3*b - 14. Calculate v(-2).
-4
Let h(u) = -u + 1. Give h(-9).
10
Let n(d) = 2*d**2 - 21*d + 9. What is n(12)?
45
Let r(o) = -o**3 + 10*o**2 - 11*o + 12. What is r(9)?
-6
Let h(r) = r**3 - 13*r**2 + 11*r - 14. Calculate h(12).
-26
Let p(a) = -6*a - 4. Give p(-2).
8
Let r(f) = -f**2 + 13*f - 17. Give r(9).
19
Let f(c) = 19*c - 84. Determine f(5).
11
Let j(m) = 10*m**2 - 89*m - 17. Give j(9).
-8
Let n(o) = 6*o. What is n(4)?
24
Let t(s) = -s**3 - 4*s**2 - 9. Give t(-5).
16
Let l(s) = -s**2 - 8*s - 10. Determine l(-9).
-19
Let v(d) = -d**3 + 11*d**2 + 4*d - 48. What is v(11)?
-4
Let g(f) = -14*f - 1. Determine g(-1).
13
Let t(i) = i**2 - 45*i - 306. What is t(-6)?
0
Let c(y) = -y**3 + 9*y**2 + 48*y - 384. Give c(10).
-4
Let m(p) = p**2 - 14*p + 4. Calculate m(13).
-9
Let p(x) = x**3 + 6*x**2 - x - 7. Determine p(-5).
23
Let f(l) = 6*l - 72. Give f(20).
48
Let c(q) = -q**2 - 21*q + 25. Give c(-22).
3
Let s(c) = 4*c**3 + 2*c**2 - 5*c - 8. Calculate s(-2).
-22
Let z(s) = s**2 - 3*s + 10. What is z(4)?
14
Let c(l) = -12*l - 15. Calculate c(-2).
9
Let m(g) = -g**3 - 18*g**2 - 33*g - 8. Determine m(-16).
8
Let s(g) = g - 4. Determine s(-2).
-6
Let i(a) = a**2 + 15*a + 55. Calculate i(-7).
-1
Let q(y) = -2*y**2 + 2*y + 3. Calculate q(-3).
-21
Let h(n) = 24*n**3 + n**2 - n - 1. What is h(-1)?
-23
Let k(b) = b**3 + 8*b**2 + b - 20. Give k(-6).
46
Let n(a) = a**2 - 5*a - 399. Give n(22).
-25
Let x(p) = -2*p**2 + 2*p + 21. Give x(-3).
-3
Let g(y) = -7*y**2 + 140*y + 4. What is g(20)?
4
Let l(a) = -2*a**2 - 22*a + 6. What is l(-11)?
6
Let a(n) = n**3 - 6*n**2 + n - 4. Determine a(6).
2
Let x(f) = -5*f + 143. What is x(20)?
43
Let f(t) = 2*t**3 + 15*t**2 + 34*t + 21. Calculate f(-3).
0
Let l(s) = 2*s**3 + 3*s - 5. Give l(2).
17
Let v(w) = -2*w - 13. Determine v(-9).
5
Let d(k) = 4*k - 34. What is d(-14)?
-90
Let l(z) = -z**2 - 3*z + 5. Determine l(-3).
5
Let m(v) = v**2 - v - 11. Calculate m(5).
9
Let w(m) = -m**2 - 14*m - 33. What is w(-10)?
7
Let u(c) = c**3 - 5*c**2 - 5*c + 2. What is u(6)?
8
Let l(x) = x**2 + 12*x + 13. Determine l(-10).
-7
Let q(k) = -2*k**2 + 15*k + 5. Give q(7).
12
Let v(j) = j**2 + 4*j. What is v(-3)?
-3
Let n(y) = -y**2 + 16*y - 56. Calculate n(6).
4
Let m(d) = d - 71. Give m(0).
-71
Let g(i) = -2*i**2 + 41*i + 14. Calculate g(20).
34
Let y(w) = w**3 - 8*w**2 - 17*w - 22. Give y(10).
8
Let s(c) = -c**3 + 7*c**2 - 5*c - 5. Give s(6).
1
Let v(k) = k + 4. Determine v(-9).
-5
Let y(i) = 2*i**3 + i. Give y(-1).
-3
Let i(k) = k**2 + 8*k - 6. Determine i(-8).
-6
Let y(u) = 3*u - 32. What is y(7)?
-11
Let o(a) = -2*a + 1. What is o(1)?
-1
Let o(p) = -9*p**3 - p**2 - 9*p + 11. Calculate o(1).
-8
Let s(y) = 2*y + 8. Calculate s(7).
22
Let i(b) = 7*b - 33. Calculate i(6).
9
Let y(m) = -m**3 + 6*m + 10. Determine y(-5).
105
Let i(c) = 8*c - 45. Give i(22).
131
Let w(h) = h**2 - 9*h - 6. Determine w(10).
4
Let w(b) = -12*b - 113. What is w(-9)?
-5
Let x(w) = -w**3 - 4*w**2 + 2*w + 4. What is x(-4)?
-4
Let p(s) = s**2 + 5*s + 1. Determine p(-3).
-5
Let p(l) = -2*l**3 - 12*l**2 - 6*l + 1. Give p(-5).
-19
Let z(f) = -6*f - 13. Determine z(-4).
11
Let j(x) = -x**3 + 37*x - 90. What is j(3)?
-6
Let o(i) = i**3 - i**2 + 2*i + 4. What is o(-3)?
-38
Let z(u) = 14*u + 50. Determine z(-4).
-6
Let m(j) = 83*j + 407. What is m(-5)?
-8
Let t(a) = -4*a - 56. Give t(-13).
-4
Let x(k) = k**2 + 14*k - 1. What is x(-13)?
-14
Let z(x) = 8*x + 1. Determine z(1).
9
Let s(f) = 5*f + 5. Determine s(0).
5
Let s(n) = -25*n + 52. Give s(3).
-23
Let f(y) = y**3 - y**2 - 13*y + 2. Determine f(4).
-2
Let p(o) = o**2 + 7*o - 7. Determine p(-7).
-7
Let v(y) = 22*y + 28. What is v(-7)?
-126
Let j(y) = -y**3 - 8*y**2 - 8*y + 1. Determine j(-7).
8
Let t(i) = 15*i - 29. Calculate t(2).
1
Let g(s) = -7*s - 73. What is g(-14)?
25
Let n(y) = -y**3 - 13*y**2 - y - 5. Determine n(-13).
8
Let x(f) = -f**3 + 9*f**2 - 5*f + 6. Calculate x(8).
30
Let s(u) = -7*u + 18. What is s(9)?
-45
Let t(l) = -4*l - 1. Give t(5).
-21
Let m(i) = i**3 + 27*i**2 - 59*i - 40. Give m(-29).
-11
Let k(h) = h**2 + 12*h + 15. Give k(-10).
-5
Let u(q) = q**3 - 9*q**2 - 13. Determine u(9).
-13
Let o(r) = -r**3 + 11*r**2 + 12*r - 5. Give o(12).
-5
Let b(z) = -z**3 + 16*z**2 + z - 29. What is b(16)?
-13
Let x(b) = b**3 + 16*b**2 + 4*b + 21. What is x(-16)?
-43
Let m(x) = x**3 - 2*x**2 - 3*x - 2. Give m(5).
58
Let z(g) = -g**2 + 14*g - 49. What is z(4)?
-9
Let j(b) = b**3 + 12*b**2 + b. Calculate j(-12).
-12
Let t(j) = 2*j - 16. Give t(14).
12
Let b(r) = r**2 + 7*r - 13. What is b(-9)?
5
Let g(b) = -b**3 + 36*b**2 - 38*b + 79. What is g(35)?
-26
Let m(o) = 34*o - 1. Give m(-1).
-35
Let o(k) = 21*k + 133. What is o(-8)?
-35
Let t(c) = 67*c - 1. Determine t(1).
66
Let q(o) = 7*o + 13. Give q(-14).
-85
Let p(c) = -c - 7. What is p(-13)?
6
Let o(j) = j**3 - 13*j**2 + 35*j - 4. Calculate o(9).
-13
Let f(r) = r**2 + 18*r + 68. Calculate f(-7).
-9
Let q(c) = -c**3 - 6*c**2 + 2*c + 7. Determine q(-6).
-5
Let z(v) = 2*v + 10. Calculate z(0).
10
Let w(v) = v**3 - 14*v**2 + 15*v - 30. Determine w(12).
-138
Let h(c) = c**2 + 12*c - 5. What is h(-3)?
-32
Let z(i) = i**2 + 10*i + 10. Determine z(-8).
-6
Let k(o) = -2*o**3 - 3*o**2 + 9*o + 15. Calculate k(-3).
15
Let t(j) = j**3 - 4*j**2 + j - 1. What is t(4)?
3
Let x(n) = -n**3 + 10*n**2 + 39*n - 2. Give x(-3).
-2
Let v(o) = -8*o - 348. Determine v(-43).
-4
Let f(p) = -p**2 + 4*p - 7. Give f(8).
-39
Let l(h) = -16*h - 37. Give l(6).
-133
Let l(d) = 353*d + 1057. What is l(-3)?
-2
Let m(j) = -2*j**2 - j + 7. What is m(-6)?
-59
Let g(y) = y**3 - 3*y**2 - 5*y - 2. Determine g(5).
23
Let g(f) = -8*f - 2. Give g(-4).
30
Let m(d) = 15*d - 114. What is m(7)?
-9
Let m(j) = -j - 3. Determine m(8).
-11
Let v(c) = c**3 + 26*c**2 - 119*c + 36. What is v(-30)?
6
Let f(p) = p**3 + 3*p**2 - 2*p - 4. What is f(-3)?
2
Let u(d) = 6*d - 9. Calculate u(-5).
-39
Let z(o) = -o**2 - 7*o + 3. Determine z(-7).
3
Let f(k) = -k**2 - 3*k + 29. Determine f(5).
-11
Let x(c) = -29*c + 210. Calculate x(8).
-22
Let y(z) = -z**3 + 26*z**2 + z - 16. Calculate y(26).
10
Let o(p) = -p**3 + 5*p**2 + 7*p + 7. What is o(7)?
-42
Let f(m) = -m + 6. Calculate f(4).
2
Let z(l) = 99*l**2 + 5*l + 6. Give z(-1).
100
Let r(z) = 2*z**3 + 3*z**2 - 6*z - 1. Give r(-4).
-57
Let m(i) = 8*i - 113. What is m(13)?
-9
Let k(w) = w**3 + 2*w**2 + 1. Calculate k(-2).
1
Let f(p) = 5*p - 47. Determine f(11).
8
Let r(p) = -p**2 - 6*p + 19. What is r(-8)?
3
Let y(s) = -s**2 - 8*s + 12. Determine y(-9).
3
Let t(a) = a**2 - 3*a - 10. What is t(5)?
0
Let g(f) = 4*f + 3. What is g(-10)?
-37
Let v(i) = i**2 + 15*i + 7. Give v(-4).
-37
Let r(o) = 3*o**2 - 3*o + 2. Determine r(4).
38
Let x(j) = 3*j - 18. Determine x(4).
-6
Let l(o) = 5*o - 4. Give l(-2).
-14
Let d(q) = q**3 + q**2 + 2*q - 5. Determine d(0).
-5
Let g(q) = 57*q - 1. What is g(1)?
56
Let c(t) = -t**3 + 2*t**2 + 3*t + 2. Give c(-1).
2
Let b(t) = -2*t + 32. Give b(13).
6
Let z(t) = -12*t + 53. What is z(9)?
-55
Let r(f) = 14*f + 6. Give r(6).
90
Let r(k) = -15*k + 4. Calculate r(3).
-41
Let o(v) = v**3 + 8*v**2 + 9*v - 5. Determine o(-6).
13
Let g(v) = -7*v + 175. Determine g(25).
0
Let o(l) = -l**3 + 7*l**2 + 5*l + 6. What is o(8)?
-18
Let x(m) = -m. Determine x(12).
-12
Let t(j) = -j**3 + 22*j**2 - 19*j - 56. What is t(21)?
-14
Let p(g) = -3*g + 20. What is p(3)?
11
Let i(s) = 2*s**3 + 64*s**2 + 2*s + 69. Determine i(-32).
5
Let v(w) = -3*w - 113. Give v(-21).
-50
Let h(b) = 4*b**2 - b + 3. What is h(3)?
36
Let a(b) = 4*b**2 - 2*b + 7. Calculate a(5).
97
Let u(s) = 69*s - 16. Determine u(0).
-16
Let l(u) = 24*u - 9. What is l(4)?
87
Let k(c) = c**3 - c**2 + 4. Determine k(2).
8
Let x(a) = -a**3 - 23*a**2 + 79*a + 36. Calculate x(-26).
10
Let h(q) = -q**2 - 6*q + 14. Calculate h(-8).
-2
Let y(a) = -a**2 - 26*a + 69. Determine y(-29).
-18
Let g(p) = -p - 15. Give g(-17).
2
Let b(t) = -t**3 + 24*t**2 - 81*t + 26. Determine b(20).
6
Let u(o) = -o**3 - 5*o**2 + 6*o + 6. What is u(-6)?
6
Let t(u) = 51*u + 8. What is t(1)?
59
Let t(z) = -z**3 + 5*z**2 + 4*z + 9. What is t(6)?
-3
Let v(g) = g**2 + 10*g + 17. Give v(-6).
-7
Let l(q) = -2*q - 4. Give l(-4).
4
Let c(w) = w**2 - 17*w + 24. Determine c(13).
-28
Let q(a) = -a + 39. Calculate q(27).
12
Let n(p) =